 c?
73
Suppose 36 = 2*v + 8. Suppose -10*h = -v*h. Suppose 390 = 5*z + 4*c, h*z + 390 = 5*z + 5*c. List the prime factors of z.
2, 3, 13
Suppose -53425 = 3*z - j, 0 = -z - 2*j + 5*j - 17795. Let b be z/(-91) + 2/7. Let a = b + -69. List the prime factors of a.
127
Let p = -1112 - -1195. Let u = -14 - -207. Let d = u + p. List the prime factors of d.
2, 3, 23
Suppose 3*a - 5*o = 46, 11*o = -3*a + 10*o + 16. Suppose 837 = 2*n + 5*b, 9*b - a*b = -n + 419. What are the prime factors of n?
421
Let j = 6572 - -173. What are the prime factors of j?
5, 19, 71
Let d(f) be the first derivative of f**4/12 + f**3/3 - 5*f**2 - 15*f - 3. Let n(k) be the first derivative of d(k). What are the prime factors of n(5)?
5
Let b = 177637 - 114494. List the prime factors of b.
233, 271
Suppose -r = 5, -5*r = -2*j - 0*j + 29. Suppose -l + 195 = -5*u, -5*l - 7*u = -j*u - 825. List the prime factors of l.
2, 5, 17
Suppose -376*b = -2640353 - 6972463. What are the prime factors of b?
2, 3, 4261
Suppose -26*u + n + 10176 = -24*u, 6 = -3*n. List the prime factors of u.
5087
Suppose 5*v - 5*j - 380 = 0, -j = 4*j. Suppose -r + 819 = -v. List the prime factors of r.
5, 179
Suppose 0 = -2*r + 12*r - 40. Suppose 1988 = 4*a + 3*k, 1996 = r*a + 4*k + k. List the prime factors of a.
2, 13, 19
Let q(y) = y**3 - 8*y**2 + 18*y - 16. Let g be q(4). What are the prime factors of -34*5*28/g?
5, 7, 17
Suppose -32 = 3*g + 46. Suppose -242 - 648 = -10*l. Let n = g + l. What are the prime factors of n?
3, 7
Suppose 3*t + 12 = 15*t. List the prime factors of (877 - t) + 4*(-5)/(-10).
2, 439
Suppose 0 = -3*q + 8*q + 15, -3*q + 139 = -4*s. Let j = s + 198. What are the prime factors of j?
7, 23
Let v = -663 + 1212. Suppose 10*s = 13*s - v. What are the prime factors of s?
3, 61
Suppose -35*b + 34*b = -2. Suppose 3*c = -j + 1747, b*c + 3*j = -2*j + 1182. List the prime factors of c.
7, 83
Let v(c) = -2*c + 14. Let f be v(5). List the prime factors of f/18 - 10178/(-126).
3
Let y(p) = 9*p - 4. Let d(h) = 11*h - 8. Let g(a) = -23*a + 17. Let u(s) = -7*d(s) - 3*g(s). Let w(l) = -3*u(l) - 2*y(l). What are the prime factors of w(2)?
5
List the prime factors of (114/(-102) - 6/(-51) - 5) + 9571.
5, 1913
Let o(y) = -44*y - 18. Let m be o(-9). Suppose -m = 4*k + 118. Let w = -75 - k. What are the prime factors of w?
7
Let v(h) = 601*h - 181. List the prime factors of v(4).
3, 13, 19
What are the prime factors of (66567 + 6 + 5)*1*(-1)/(-2)?
33289
Let r = 12956 - 7453. List the prime factors of r.
5503
List the prime factors of (-7 + 5)*2/4 + (-2179275)/(-105).
2, 3, 1153
Let x(t) be the second derivative of -t**5/20 + 2*t**4/3 - 5*t**3/6 - 5*t**2/2 + 16*t. Let y be x(7). What are the prime factors of (-18)/(-12)*204/y?
2, 17
Suppose 2*c - 59 = -c + 5*j, -4*c + 2*j = -102. Let l(w) = 6*w - 112. List the prime factors of l(c).
2, 7
Let i = 852 + -848. Let x(s) = 8*s**3 - s**2 + 12*s. What are the prime factors of x(i)?
2, 17
Let p(t) = -33*t - 1. Let y be p(-9). Let z = -1226 - -2360. Suppose -y = -11*f + z. What are the prime factors of f?
2, 5, 13
Suppose q - 7*q + 2046 = 0. Let j = q - 9. List the prime factors of j.
2, 83
Let l = 18930 + 7233. What are the prime factors of l?
3, 17, 19
Suppose 7*m + 237864 = 54*m + 21*m. List the prime factors of m.
2, 3, 11, 53
Let v(w) = -w**3 - 8*w**2 + 12*w + 7. Let r be v(3). List the prime factors of (2 - (-56)/5)/(r/(-7420)).
3, 11, 53
Suppose -5*z + 35917 = 17*a - 16*a, 0 = -10*a - z + 359464. What are the prime factors of a?
103, 349
Let g be (2 + (-1)/3 + -1)*36. Let p be (-16)/12*(-54)/g. Suppose -p*z = -8*z + 810. What are the prime factors of z?
2, 3
Suppose -604 + 88 = 4*k. Let o be (-16)/(1 + k/123). Suppose 0*i + 3*i + 4*r = o, 5*r + 234 = 2*i. List the prime factors of i.
2, 7
Suppose -2*p + 4*f + 1210 = 6*f, -p + 609 = -3*f. Suppose -23*k = -x - 25*k + 187, 3*x = 3*k + p. List the prime factors of x.
197
Suppose -k - 12*v + 8 = -8*v, v + 3 = 0. Suppose -18752 = -k*q + 6068. List the prime factors of q.
17, 73
Let b = 5855 + 1980. List the prime factors of b.
5, 1567
Suppose 0 = 2*a + 8, 19*c + 46047 = 24*c - 3*a. What are the prime factors of c?
3, 11, 31
Let w(d) = 5*d + 74*d + 0*d - 46. List the prime factors of w(6).
2, 107
Let m(k) = k**3 - 4*k + 1. Let r be m(3). Suppose -129 + 534 = 9*n. Let p = n - r. What are the prime factors of p?
29
Suppose 2*s = k + 74268, -5*s - 37*k + 185676 = -38*k. List the prime factors of s.
2, 11, 211
Let t = 53209 + -19791. What are the prime factors of t?
2, 7, 11, 31
Let f(q) = -q - 4. Let c be f(-6). Suppose -2*o + 602 = 5*h, 2*h = -2*o + 313 - 71. Suppose -c*a + 238 = -h. What are the prime factors of a?
179
Let w = 138051 - 70626. List the prime factors of w.
3, 5, 29, 31
Let m be (-6)/(-12) - (-44)/8. Suppose 0*z - 1086 = -m*z. What are the prime factors of z?
181
Suppose 0 = -2*o + t - 1360, -1034 - 1690 = 4*o - t. Let r = 336 - o. List the prime factors of r.
2, 509
Let f = -3963 - -6905. Suppose -512 = -q - f. List the prime factors of q/(-42) + 2/14.
2, 29
List the prime factors of (-4*10832/64)/(3/(-21)).
7, 677
List the prime factors of 107978/7 - (1044/(-63) - -16).
2, 3, 857
Let c be (-18)/8*(-48)/18. Let j be 2382/4 - ((-9)/c - -1). Suppose 8*l = j - 164. What are the prime factors of l?
2, 3
Suppose -d = -2*k + 145, 2*k - 202 + 51 = -d. Let q = 71 + 1. Suppose k*y = q*y + 358. List the prime factors of y.
179
What are the prime factors of 13/(-5) + 4/2 + 22611275/2125?
2, 5, 7, 19
Suppose 4*g + 10*s = 12*s + 32, 0 = -2*s + 8. Suppose -590 = -g*q + 5770. List the prime factors of q.
2, 3, 53
Suppose 0 = 5*r + m - 29, -5*r + 2*r + 14 = 4*m. Let g = -13 - -13. Suppose g = 11*q - r*q - 340. What are the prime factors of q?
2, 17
Let v(c) be the third derivative of c**4/12 + 71*c**3/6 + 70*c**2 + 1. What are the prime factors of v(-28)?
3, 5
What are the prime factors of (8/(-24) - (-42338)/(-30))*-5?
2, 3529
Let f = 872 - 587. Let y = 488 - f. Let m = -136 + y. List the prime factors of m.
67
Suppose -95 = -239*x + 238*x - 4*v, -x - 2*v + 103 = 0. Suppose r = 4*r - 228. Let j = x - r. List the prime factors of j.
5, 7
Let a be ((-225)/30)/(-1 + (-7)/(-4)). Let j be 4/a*(-3)/6*30. Suppose o = j*o - 530. List the prime factors of o.
2, 53
Let g(w) = -w**3 + 17*w**2 - 22*w + 5. Let z be g(16). Let r = -63 - z. Suppose -5*p = 3*i - 305, -p + 21 + r = 3*i. What are the prime factors of p?
2
Suppose -15 = -r - 2*r. Suppose 23 = r*s + 8. Suppose -s*g + 0*p - 5*p = -181, -5*g - 4*p + 306 = 0. What are the prime factors of g?
2, 31
Let r(m) be the third derivative of 61*m**4/24 + 3*m**3 + 20*m**2. Let f(l) = 10*l + 3. Let d(i) = 39*f(i) - 6*r(i). What are the prime factors of d(4)?
3, 5, 7
Let p(m) = 591*m - 5787. List the prime factors of p(25).
2, 3, 7, 107
Suppose -4*o + 24 = 0, 193218 = 5*a + 47*o - 44*o. What are the prime factors of a?
2, 3, 5, 7, 23
Let y(x) = 3*x**2 + 16*x + 58. Let o be y(-6). Suppose o*l = 73*l + 9, m - 3*l - 119 = 0. List the prime factors of m.
2, 5, 11
Let t be (2 - -1) + -2 - (-1 + 402). Let r = t - -876. List the prime factors of r.
2, 7, 17
List the prime factors of 14 + -9 + 3990 + 14.
19, 211
Let q(w) be the third derivative of 263*w**4/8 - 5*w**3/3 + 110*w**2 + 2. What are the prime factors of q(1)?
19, 41
Suppose 11*g - 2*b + 46 = 8*g, -2*g - 3*b - 22 = 0. Let p(f) be the first derivative of -3*f**2/2 + 4*f + 1. What are the prime factors of p(g)?
2, 23
Let q = -15112 - -36513. List the prime factors of q.
21401
Let v be 1*-4*((-15)/(-2) - 7). List the prime factors of 5 + (-4 - (-135)/(-2))*v.
2, 37
Let t = 129 + -16. What are the prime factors of t + 3 - (-1)/(3/6)?
2, 59
Let z = 253 + 2782. What are the prime factors of z?
5, 607
Let y(x) = 17*x**2 - 3*x - 15. Let m be y(-4). Suppose -5*s + 441 = -m. List the prime factors of s.
2, 71
Let i(o) = 114*o**2 - 190*o + 4473. What are the prime factors of i(24)?
3, 21859
Suppose 67*h - 6616 = -s + 63*h, -h + 13267 = 2*s. What are the prime factors of s?
2, 3, 7, 79
Suppose 0 = -3*j + 7379 + 10627. What are the prime factors of j?
2, 3001
Suppose -4*l - 475 = c + 2*c, -4*l - 445 = -3*c. Let n = -58 + l. Let m = -124 - n. List the prime factors of m.
7
Suppose 0 = 25*i - 19*i - 72. Let t(k) = k**3 + 4*k**2 - 7*k + 4. Let 